hat is the tens digit of o?
1
Let s = 32 - -5. Suppose -9 = 4*i - 4*g - s, 0 = -2*i - g - 1. Suppose 3*n - 4 = -5*w + w, -4*w + i*n + 24 = 0. What is the units digit of w?
4
Let b be -1 - (6 + -3 - 8). Suppose 6 = -5*d - 2*o, -14 = d + 2*d - b*o. What is the units digit of (-6)/d + (-6)/(-1)?
9
Suppose 4*j + 5*r - 19 = 3*j, 4*j + 5*r = 136. What is the tens digit of j?
3
Let m = 35 + -6. What is the units digit of m?
9
Let v be 48/15 - (-1)/(-5). Suppose 44 = v*w + w. What is the units digit of w?
1
Let o(r) = -r**3 + 8*r**2 + 9*r + 5. Let h(n) be the first derivative of -n**4/4 + 5*n**3/3 - n**2 + n - 3. Let k be h(4). What is the units digit of o(k)?
5
What is the units digit of 250/3 - (-6)/9?
4
Let g(j) = -j - 15. Let o(h) = h - 1. Let l(n) = -g(n) + 2*o(n). What is the tens digit of l(6)?
3
Suppose 2*k = 3*k - 21. Let w be 168/32 + (-2)/8. Suppose 49 = w*z - k. What is the units digit of z?
4
Let f(y) = 5*y**2 - 7*y + 10. What is the units digit of f(4)?
2
Suppose -3*n + n + 2 = 0. Let j be n/1 + -2 + 5. Suppose -j*w - 1 = -9. What is the units digit of w?
2
Let f(n) = n**3 - 4*n**2 - 4. What is the units digit of f(6)?
8
Suppose -4*b + 27 = -3*o, b = -o + 2*b - 9. Let v be 0*(1 + 6/o). Suppose v = 2*y + 3*y - 40. What is the units digit of y?
8
Suppose 0 = g - 6*g + 185. What is the tens digit of g?
3
Suppose -3*w + 277 = -5*d, -5 = 5*d - 10*d. What is the units digit of w?
4
Suppose -54 = -4*h - 10. Let v = h + -6. Suppose -i - 9 = v*y, -y - 3 = -2*i + 1. What is the units digit of i?
1
Suppose 0*m = 2*m + 8. What is the units digit of m/2 + 9 + 27?
4
Suppose -4*p + 12 = 2*r, 2*p + p = r + 4. Suppose p*o + 4 = -0. What is the units digit of (o + 4)/(2/8)?
8
Suppose -10 - 2 = -2*m. What is the units digit of m?
6
Suppose -2 = 2*a - u - 3, -2*u = 5*a + 11. What is the units digit of 2 + 1 + a + 2?
4
Let m = 60 - 31. What is the tens digit of m?
2
Let x(q) = 4*q + q - 2 + q + q. What is the units digit of x(3)?
9
Let d(k) = -k**2 - 12*k - 9. What is the tens digit of d(-6)?
2
Let d(u) = -u**2 - 6*u - 4. Let j be d(-4). Let a be 3*(4 + (-14)/3). Let q = j + a. What is the units digit of q?
2
Let y be (4 + -1)*(-4)/(-3). Suppose 4*g + 96 = 2*t, -y*g + 28 = 2*t - 92. What is the tens digit of t?
5
Suppose -5*o - 5 = 0, -6*s - o - 1 = -2*s. Suppose s = -3*b - 10 + 25. Suppose 1 + b = z. What is the units digit of z?
6
Let a be 8/(-3) - 2/(-3). What is the units digit of (a - (2 - 6)) + 19?
1
Suppose -5*h - 24 = a - 6, -16 = 2*h - 4*a. What is the units digit of 2*(-2)/h + 2?
3
Let b = 0 + 10. Let d = 36 - b. Suppose 13 = 3*v - d. What is the units digit of v?
3
Let t(l) = -l**3 + 3*l - 3. Let c be t(2). Let h be 2 + -1*2 - -6. Let m = c + h. What is the units digit of m?
1
Let o = 190 + -91. Suppose -5*y = 4*m - 8*m + o, -9 = 3*y. What is the tens digit of m?
2
Let u = 2 + 3. Suppose u*h - 54 = 56. What is the tens digit of h?
2
Let r(s) = s**3 - 5*s**2 - 5*s - 4. What is the units digit of r(6)?
2
What is the tens digit of 0 - 0 - 1/((-5)/190)?
3
Suppose 5*u = -3 - 2. What is the units digit of (3 - u)*1/2?
2
Let h = -27 - -21. What is the tens digit of (108/30)/(h/(-75))?
4
Suppose s - 1248 = -4*d - 3*s, 0 = 5*d + s - 1552. What is the tens digit of d?
1
Let u = -2 + 5. Suppose -123 + 411 = 12*k. Suppose -k = -t - u*t. What is the units digit of t?
6
Suppose 2*r - 2 = 4*c + 6, -3*c = 0. Suppose -r*b + 4 = 3*u, 2*b + 0*b - 2 = 5*u. What is the units digit of 2*b - (-9)/3?
5
Let b be 3/2*4/(-2). Let h = 0 - b. What is the units digit of h?
3
Suppose -6*c + 2*c + 8 = 0. Suppose 0 = c*u + 8 + 2. Let v(t) = t**2 + 4*t + 3. What is the units digit of v(u)?
8
What is the tens digit of (2 - (-4)/(-5))/((-6)/(-1580))?
1
Suppose 62 = 2*a - 5*j, 0*a = a - 5*j - 26. What is the units digit of a?
6
Let t(u) be the second derivative of -u**3/3 - 4*u**2 + 3*u. What is the units digit of t(-6)?
4
Let p be 460/6 + 2/(-3). Suppose -4*g - p = -196. What is the tens digit of g?
3
What is the tens digit of 1/1 + (-1134)/(-14)?
8
Let c = 488 - 243. What is the units digit of c?
5
Let f = 9 + -5. Suppose 3*q + h - 14 = 27, 52 = f*q + 2*h. Suppose -q = -5*c - m, 5*c - 28 = -4*m + 2. What is the units digit of c?
2
Suppose 5*f + q = 3*f, 0 = 3*f + 5*q + 14. Let j(b) = -f*b**3 + 1 + 2*b**3 - 3*b**3. What is the units digit of j(-1)?
4
What is the units digit of 358/8 - 2/(-8)?
5
Suppose 0*g - 14 = g. Let r = -14 + 6. Let z = r - g. What is the units digit of z?
6
Let i = 10 - 5. Suppose -o = -2, 2*d - 4*o = i*d - 35. What is the units digit of d?
9
Suppose -4*o = m - 34, -m - 81 = -3*m + 5*o. What is the tens digit of m?
3
Let j(n) = -7 + n**3 + 0*n**3 - 6 + 19*n - 2*n - 15*n**2. What is the tens digit of j(14)?
2
Let d = -1 + 3. Let l be (-4)/6 - 20/(-3). Let c = l - d. What is the units digit of c?
4
Suppose 4*q + d = 3*q + 1, 0 = -d - 2. Let j = 5 + -3. Suppose -j*u = b - 22, q*b + u - 38 = 2*u. What is the units digit of b?
4
Suppose -6*l + 2*l - 12 = 0. What is the tens digit of -13*l/(9/3)?
1
Let f(l) be the first derivative of l**4/4 + l**3/3 + l**2/2 - 3. What is the tens digit of f(2)?
1
Let i be (-2 + 3)/((-2)/(-22)). Let s = i - -4. What is the units digit of 40/s + 1/3?
3
Let b = -24 + 27. Let l(m) = 2*m**3 - m**2 - m + 4. What is the tens digit of l(b)?
4
Let x(l) = 24*l**2 + 3*l + 9. What is the units digit of x(-3)?
6
Let g(k) = k**2 + 11*k - 3. Let j be g(-12). Let b(z) = -z**3 + 10*z**2 - 9*z + 7. What is the units digit of b(j)?
7
Suppose 49 = 3*s - 68. What is the units digit of s?
9
What is the tens digit of -162*(-2 + 3)*(-15)/30?
8
Suppose -2*o + 4*l = -164, 0 = -0*o + 4*o - 5*l - 331. What is the units digit of o?
4
Suppose 0 = 5*i - 14 - 6. Suppose -3*t + 5*h = -4, -t - i*t = 2*h - 48. Let n = 4 + t. What is the tens digit of n?
1
Suppose 5*a - 10 = p, 0*p = -3*a + p + 4. Let w = a + 11. Let j = w - 10. What is the units digit of j?
4
Let c = 307 + -204. What is the hundreds digit of c?
1
Suppose h - 7 = -4. Suppose 8 = 5*m - h*m. Suppose -5*i + 19 = -m*i. What is the units digit of i?
9
Let v be -1*(0 + -2 - 0). Suppose z = -v*z + 114. What is the units digit of z?
8
Let t(k) = -k**2 + 3*k + 24. What is the tens digit of t(0)?
2
Suppose 0*c = c. Let g(w) = c*w + 2*w**2 - w - 2 - w**2. What is the units digit of g(3)?
4
Let l = -6 - -3. Let c = l - -4. Let s = 3 + c. What is the units digit of s?
4
Let w(b) = 5*b**2 - b - 2. Let x be 6*(-2)/(-4) - 1. What is the units digit of w(x)?
6
Let r be (-2)/(-6) + 40/15. Suppose 3*p = 6 - r. What is the units digit of p?
1
Let c = -17 - -64. What is the tens digit of c?
4
Let y(z) = z**2 + 3*z + 3. Let l be y(-3). Suppose 2 = -l*a + 17. Suppose -9 = -a*i + 11. What is the units digit of i?
4
Let k(l) = -l**3 - 7*l**2 - 5*l + 7. Let w be k(-6). What is the units digit of 11 + (1 - (w + -2))?
3
Let c(z) = 3*z**2 - 19*z - 4. Let d(x) = x**2 - 6*x - 1. Let r(w) = -3*c(w) + 8*d(w). What is the units digit of r(9)?
4
Let m be ((-2)/1)/(1/(-2)). Suppose 2*k + 3*c - 12 = 2*c, 0 = 2*c - m. Suppose -2*l = -k*l + 45. What is the units digit of l?
5
Let h be (6/(-4))/((-12)/16). Suppose a = -h*a + 18. What is the units digit of a?
6
Suppose 0 = 5*r + 3*y - 11, y + 4 = 3*r - 11. Suppose 28 = 5*x + r*p, -5*p + 22 = -x + 4*x. Suppose 9 = -x*k + 53. What is the units digit of k?
1
Suppose 0 = -2*g + 7*g - 365. What is the units digit of g?
3
Let c(y) = -4*y - 2*y + 2 + 3 - y**2 - 2. Suppose o + 8 = -2*l, 3*l + 2*o + 2 = -9. What is the units digit of c(l)?
8
Let m be (-36)/(2 - (-5)/(-2)). What is the units digit of (1/(-3))/((-3)/m)?
8
Let v(o) = -o**2 - 8*o - 9. Let j be v(-6). Suppose -2*w + 32 = -j*x - 2*x, -x = -w + 10. What is the units digit of w?
6
Suppose 2920 = 44*d - 34*d. What is the hundreds digit of d?
2
Let c(y) = y**2 - 46. Let z be c(0). Let h = 28 + z. Let j = 27 + h. What is the units digit of j?
9
Suppose -4 = t + 3*t. Let v(n) = 2*n + 1. Let m be v(-1). What is the units digit of 6 + (m - (-2 - t))?
6
Suppose 3*k = 12, 8*k = r + 3*k + 13. What is the units digit of r?
7
Let l = -33 - -49. Suppose 13 = -2*u + 3*u + 5*j, 2*u + 5*j - l = 0. Suppose 3*v - 4*v + u = 0. What is the units digit of v?
3
Let l be -2 + -1 - 112/(-7). Let d(w) = -w**2 + 16*w - 10. What is the tens digit of d(l)?
2
Let t